[INFO] fetching crate solana_libra_language_e2e_tests 0.0.1-sol5...
[INFO] checking solana_libra_language_e2e_tests-0.0.1-sol5 against try#72f88fc4e9458f89516a0b8b0868f3718aec5b47 for pr-74989
[INFO] extracting crate solana_libra_language_e2e_tests 0.0.1-sol5 into /workspace/builds/worker-9/source
[INFO] validating manifest of crates.io crate solana_libra_language_e2e_tests 0.0.1-sol5 on toolchain 72f88fc4e9458f89516a0b8b0868f3718aec5b47
[INFO] running `Command { std: "/workspace/cargo-home/bin/cargo" "+72f88fc4e9458f89516a0b8b0868f3718aec5b47" "read-manifest" "--manifest-path" "Cargo.toml", kill_on_drop: false }`
[INFO] started tweaking crates.io crate solana_libra_language_e2e_tests 0.0.1-sol5
[INFO] finished tweaking crates.io crate solana_libra_language_e2e_tests 0.0.1-sol5
[INFO] tweaked toml for crates.io crate solana_libra_language_e2e_tests 0.0.1-sol5 written to /workspace/builds/worker-9/source/Cargo.toml
[INFO] running `Command { std: "/workspace/cargo-home/bin/cargo" "+72f88fc4e9458f89516a0b8b0868f3718aec5b47" "generate-lockfile" "--manifest-path" "Cargo.toml" "-Zno-index-update", kill_on_drop: false }`
[INFO] running `Command { std: "/workspace/cargo-home/bin/cargo" "+72f88fc4e9458f89516a0b8b0868f3718aec5b47" "fetch" "--locked" "--manifest-path" "Cargo.toml", kill_on_drop: false }`
[INFO] [stderr]     Blocking waiting for file lock on package cache
[INFO] [stderr]     Blocking waiting for file lock on package cache
[INFO] [stderr]  Downloading crates ...
[INFO] [stderr]   Downloaded solana_libra_vm_genesis v0.0.1-sol5
[INFO] running `Command { std: "docker" "create" "-v" "/var/lib/crater-agent-workspace/builds/worker-9/target:/opt/rustwide/target:rw,Z" "-v" "/var/lib/crater-agent-workspace/builds/worker-9/source:/opt/rustwide/workdir:ro,Z" "-v" "/var/lib/crater-agent-workspace/cargo-home:/opt/rustwide/cargo-home:ro,Z" "-v" "/var/lib/crater-agent-workspace/rustup-home:/opt/rustwide/rustup-home:ro,Z" "-e" "SOURCE_DIR=/opt/rustwide/workdir" "-e" "CARGO_TARGET_DIR=/opt/rustwide/target" "-e" "CARGO_HOME=/opt/rustwide/cargo-home" "-e" "RUSTUP_HOME=/opt/rustwide/rustup-home" "-w" "/opt/rustwide/workdir" "-m" "1610612736" "--user" "0:0" "--network" "none" "rustops/crates-build-env@sha256:d92eaeed33fa75130ca1ee6c8a01d1ffb62bac859dfdfb3450e3e5d1c0146529" "/opt/rustwide/cargo-home/bin/cargo" "+72f88fc4e9458f89516a0b8b0868f3718aec5b47" "metadata" "--no-deps" "--format-version=1", kill_on_drop: false }`
[INFO] [stderr] WARNING: Your kernel does not support swap limit capabilities or the cgroup is not mounted. Memory limited without swap.
[INFO] [stdout] 7cc10c52d818254c1354892a1b11ae76744372059a655fe593c5b545b0cf0665
[INFO] running `Command { std: "docker" "start" "-a" "7cc10c52d818254c1354892a1b11ae76744372059a655fe593c5b545b0cf0665", kill_on_drop: false }`
[INFO] running `Command { std: "docker" "inspect" "7cc10c52d818254c1354892a1b11ae76744372059a655fe593c5b545b0cf0665", kill_on_drop: false }`
[INFO] running `Command { std: "docker" "rm" "-f" "7cc10c52d818254c1354892a1b11ae76744372059a655fe593c5b545b0cf0665", kill_on_drop: false }`
[INFO] [stdout] 7cc10c52d818254c1354892a1b11ae76744372059a655fe593c5b545b0cf0665
[INFO] running `Command { std: "docker" "create" "-v" "/var/lib/crater-agent-workspace/builds/worker-9/target:/opt/rustwide/target:rw,Z" "-v" "/var/lib/crater-agent-workspace/builds/worker-9/source:/opt/rustwide/workdir:ro,Z" "-v" "/var/lib/crater-agent-workspace/cargo-home:/opt/rustwide/cargo-home:ro,Z" "-v" "/var/lib/crater-agent-workspace/rustup-home:/opt/rustwide/rustup-home:ro,Z" "-e" "SOURCE_DIR=/opt/rustwide/workdir" "-e" "CARGO_TARGET_DIR=/opt/rustwide/target" "-e" "CARGO_INCREMENTAL=0" "-e" "RUST_BACKTRACE=full" "-e" "RUSTFLAGS=--cap-lints=forbid" "-e" "CARGO_HOME=/opt/rustwide/cargo-home" "-e" "RUSTUP_HOME=/opt/rustwide/rustup-home" "-w" "/opt/rustwide/workdir" "-m" "1610612736" "--user" "0:0" "--network" "none" "rustops/crates-build-env@sha256:d92eaeed33fa75130ca1ee6c8a01d1ffb62bac859dfdfb3450e3e5d1c0146529" "/opt/rustwide/cargo-home/bin/cargo" "+72f88fc4e9458f89516a0b8b0868f3718aec5b47" "check" "--frozen" "--all" "--all-targets" "--message-format=json", kill_on_drop: false }`
[INFO] [stdout] d180b6e0d0c814ff243d0cda861a4a4ad0e7ed00dfe22aca3d5af3ea41242b74
[INFO] [stderr] WARNING: Your kernel does not support swap limit capabilities or the cgroup is not mounted. Memory limited without swap.
[INFO] running `Command { std: "docker" "start" "-a" "d180b6e0d0c814ff243d0cda861a4a4ad0e7ed00dfe22aca3d5af3ea41242b74", kill_on_drop: false }`
[INFO] [stderr]    Compiling syn v1.0.40
[INFO] [stderr]    Compiling either v1.6.0
[INFO] [stderr]    Compiling ordermap v0.3.5
[INFO] [stderr]     Checking bit-vec v0.6.2
[INFO] [stderr]    Compiling lazy_static v1.4.0
[INFO] [stderr]    Compiling byte-tools v0.3.1
[INFO] [stderr]    Compiling opaque-debug v0.2.3
[INFO] [stderr]    Compiling fake-simd v0.1.2
[INFO] [stderr]    Compiling precomputed-hash v0.1.1
[INFO] [stderr]     Checking mirai-annotations v1.10.1
[INFO] [stderr]    Compiling new_debug_unreachable v1.0.4
[INFO] [stderr]    Compiling strsim v0.9.3
[INFO] [stderr]    Compiling diff v0.1.12
[INFO] [stderr]    Compiling lalrpop-util v0.17.2
[INFO] [stderr]     Checking matches v0.1.8
[INFO] [stderr]     Checking unsigned-varint v0.2.3
[INFO] [stderr]     Checking percent-encoding v1.0.1
[INFO] [stderr]    Compiling rayon-core v1.8.0
[INFO] [stderr]     Checking termcolor v1.1.0
[INFO] [stderr]     Checking data-encoding v2.3.0
[INFO] [stderr]     Checking bs58 v0.2.5
[INFO] [stderr]    Compiling prometheus v0.7.0
[INFO] [stderr]     Checking unicode-width v0.1.8
[INFO] [stderr]     Checking spin v0.5.2
[INFO] [stderr]     Checking ansi_term v0.11.0
[INFO] [stderr]     Checking strsim v0.8.0
[INFO] [stderr]     Checking same-file v1.0.6
[INFO] [stderr]    Compiling proc-macro-error-attr v1.0.4
[INFO] [stderr]    Compiling proc-macro-error v1.0.4
[INFO] [stderr]    Compiling rayon v1.4.0
[INFO] [stderr]    Compiling block-padding v0.1.5
[INFO] [stderr]    Compiling thread_local v1.0.1
[INFO] [stderr]     Checking unicode-bidi v0.3.4
[INFO] [stderr]    Compiling itertools v0.8.2
[INFO] [stderr]     Checking bit-set v0.5.2
[INFO] [stderr]     Checking textwrap v0.11.0
[INFO] [stderr]    Compiling rand_hc v0.1.0
[INFO] [stderr]    Compiling rand_xorshift v0.1.1
[INFO] [stderr]    Compiling rand_isaac v0.1.1
[INFO] [stderr]     Checking walkdir v2.3.1
[INFO] [stderr]    Compiling petgraph v0.4.13
[INFO] [stderr]     Checking get_if_addrs v0.5.3
[INFO] [stderr]    Compiling rand_os v0.1.3
[INFO] [stderr]    Compiling dirs v1.0.5
[INFO] [stderr]    Compiling atty v0.2.14
[INFO] [stderr]    Compiling rand_chacha v0.1.1
[INFO] [stderr]    Compiling rand_pcg v0.1.2
[INFO] [stderr]    Compiling ena v0.13.1
[INFO] [stderr]     Checking clap v2.33.3
[INFO] [stderr]    Compiling bytes v0.4.12
[INFO] [stderr]    Compiling block-buffer v0.7.3
[INFO] [stderr]    Compiling regex v1.3.9
[INFO] [stderr]     Checking idna v0.1.5
[INFO] [stderr]    Compiling term v0.5.2
[INFO] [stderr]    Compiling rand v0.6.5
[INFO] [stderr]     Checking sha-1 v0.8.2
[INFO] [stderr]     Checking blake2 v0.8.1
[INFO] [stderr]    Compiling sha2 v0.8.2
[INFO] [stderr]     Checking solana_libra_tools v0.0.1-sol5
[INFO] [stderr]     Checking solana_libra_vm_cache_map v0.0.1-sol5
[INFO] [stderr]     Checking tokio v0.1.22
[INFO] [stderr]     Checking proptest v0.9.6
[INFO] [stderr]    Compiling ascii-canvas v2.0.0
[INFO] [stderr]     Checking parity-multihash v0.1.3
[INFO] [stderr]     Checking hyper v0.12.35
[INFO] [stderr]     Checking url v1.7.2
[INFO] [stderr]    Compiling phf_generator v0.7.24
[INFO] [stderr]    Compiling string_cache_codegen v0.4.4
[INFO] [stderr]    Compiling string_cache v0.7.5
[INFO] [stderr]    Compiling synstructure v0.12.4
[INFO] [stderr]     Checking solana_libra_proptest_helpers v0.0.1-sol5
[INFO] [stderr]    Compiling serde_derive v1.0.116
[INFO] [stderr]    Compiling failure_derive v0.1.8
[INFO] [stderr]    Compiling zeroize_derive v1.0.0
[INFO] [stderr]    Compiling derivative v2.1.1
[INFO] [stderr]    Compiling solana_libra_crypto-derive v0.0.1-sol5
[INFO] [stderr]    Compiling rental-impl v0.5.5
[INFO] [stderr]    Compiling structopt-derive v0.4.10
[INFO] [stderr]     Checking zeroize v1.1.0
[INFO] [stderr]     Checking curve25519-dalek v2.1.0
[INFO] [stderr]     Checking curve25519-dalek v3.0.0
[INFO] [stderr]     Checking x25519-dalek v0.6.0
[INFO] [stderr]     Checking structopt v0.3.17
[INFO] [stderr]    Compiling serde v1.0.116
[INFO] [stderr]     Checking rental v0.5.5
[INFO] [stderr]     Checking backtrace v0.3.50
[INFO] [stderr]     Checking ed25519 v1.0.2
[INFO] [stderr]     Checking serde_json v1.0.57
[INFO] [stderr]     Checking solana_libra_nibble v0.0.1-sol5
[INFO] [stderr]     Checking bincode v1.3.1
[INFO] [stderr]     Checking parity-multiaddr v0.5.0
[INFO] [stderr]     Checking toml v0.5.6
[INFO] [stderr]     Checking ed25519-dalek v1.0.0
[INFO] [stderr]     Checking failure v0.1.8
[INFO] [stderr]     Checking solana_libra_failure_ext v0.0.1-sol5
[INFO] [stderr]     Checking threshold_crypto v0.3.2
[INFO] [stderr]     Checking codespan v0.2.1
[INFO] [stderr]     Checking solana_libra_canonical_serialization v0.0.1-sol5
[INFO] [stderr]     Checking codespan-reporting v0.2.1
[INFO] [stderr]    Compiling docopt v1.1.0
[INFO] [stderr]     Checking solana_libra_logger v0.0.1-sol5
[INFO] [stderr]     Checking solana_libra_metrics v0.0.1-sol5
[INFO] [stderr]     Checking solana_libra_crypto v0.0.1-sol5
[INFO] [stderr]    Compiling which v2.0.1
[INFO] [stderr]    Compiling lalrpop v0.17.2
[INFO] [stdout] error[E0599]: no function or associated item named `from_bytes` found for struct `ed25519_dalek::Signature` in the current scope
[INFO] [stdout]    --> /opt/rustwide/cargo-home/registry/src/github.com-1ecc6299db9ec823/solana_libra_crypto-0.0.1-sol5/src/ed25519.rs:113:41
[INFO] [stdout]     |
[INFO] [stdout] 113 |         match ed25519_dalek::Signature::from_bytes(bytes) {
[INFO] [stdout]     |                                         ^^^^^^^^^^
[INFO] [stdout]     |                                         |
[INFO] [stdout]     |                                         function or associated item not found in `ed25519_dalek::Signature`
[INFO] [stdout]     |                                         help: there is an associated function with a similar name: `to_bytes`
[INFO] [stdout]     |
[INFO] [stdout]     = help: items from traits can only be used if the trait is in scope
[INFO] [stdout]     = note: the following trait is implemented but not in scope; perhaps add a `use` for it:
[INFO] [stdout]             `use ed25519_dalek::ed25519::signature::Signature;`
[INFO] [stdout] 
[INFO] [stdout] 
[INFO] [stdout] error[E0599]: no method named `verify` found for struct `ed25519_dalek::PublicKey` in the current scope
[INFO] [stdout]    --> /opt/rustwide/cargo-home/registry/src/github.com-1ecc6299db9ec823/solana_libra_crypto-0.0.1-sol5/src/ed25519.rs:322:14
[INFO] [stdout]     |
[INFO] [stdout] 322 |             .verify(message, &self.0)
[INFO] [stdout]     |              ^^^^^^ method not found in `ed25519_dalek::PublicKey`
[INFO] [stdout]     |
[INFO] [stdout]     = help: items from traits can only be used if the trait is in scope
[INFO] [stdout]     = note: the following trait is implemented but not in scope; perhaps add a `use` for it:
[INFO] [stdout]             `use ed25519_dalek::Verifier;`
[INFO] [stdout] 
[INFO] [stdout] 
[INFO] [stdout] error[E0599]: no method named `result` found for struct `ed25519_dalek::Sha512` in the current scope
[INFO] [stdout]    --> /opt/rustwide/cargo-home/registry/src/github.com-1ecc6299db9ec823/solana_libra_crypto-0.0.1-sol5/src/vrf/ecvrf.rs:197:22
[INFO] [stdout]     |
[INFO] [stdout] 197 |                     .result()[..32],
[INFO] [stdout]     |                      ^^^^^^ method not found in `ed25519_dalek::Sha512`
[INFO] [stdout] 
[INFO] [stdout] 
[INFO] [stdout] error[E0599]: no method named `input` found for struct `ed25519_dalek::Sha512` in the current scope
[INFO] [stdout]    --> /opt/rustwide/cargo-home/registry/src/github.com-1ecc6299db9ec823/solana_libra_crypto-0.0.1-sol5/src/vrf/ecvrf.rs:222:11
[INFO] [stdout]     |
[INFO] [stdout] 222 |         h.input(private_key.to_bytes());
[INFO] [stdout]     |           ^^^^^ method not found in `ed25519_dalek::Sha512`
[INFO] [stdout] 
[INFO] [stdout] 
[INFO] [stdout] error[E0599]: no method named `result` found for struct `ed25519_dalek::Sha512` in the current scope
[INFO] [stdout]    --> /opt/rustwide/cargo-home/registry/src/github.com-1ecc6299db9ec823/solana_libra_crypto-0.0.1-sol5/src/vrf/ecvrf.rs:223:32
[INFO] [stdout]     |
[INFO] [stdout] 223 |         hash.copy_from_slice(h.result().as_slice());
[INFO] [stdout]     |                                ^^^^^^ method not found in `ed25519_dalek::Sha512`
[INFO] [stdout] 
[INFO] [stdout] 
[INFO] [stdout] error[E0599]: no method named `result` found for struct `ed25519_dalek::Sha512` in the current scope
[INFO] [stdout]    --> /opt/rustwide/cargo-home/registry/src/github.com-1ecc6299db9ec823/solana_libra_crypto-0.0.1-sol5/src/vrf/ecvrf.rs:298:18
[INFO] [stdout]     |
[INFO] [stdout] 298 |                 .result()[..],
[INFO] [stdout]     |                  ^^^^^^ method not found in `ed25519_dalek::Sha512`
[INFO] [stdout] 
[INFO] [stdout] 
[INFO] [stdout] error[E0599]: no method named `result` found for struct `ed25519_dalek::Sha512` in the current scope
[INFO] [stdout]    --> /opt/rustwide/cargo-home/registry/src/github.com-1ecc6299db9ec823/solana_libra_crypto-0.0.1-sol5/src/vrf/ecvrf.rs:310:14
[INFO] [stdout]     |
[INFO] [stdout] 310 |             .result()[..],
[INFO] [stdout]     |              ^^^^^^ method not found in `ed25519_dalek::Sha512`
[INFO] [stdout] 
[INFO] [stdout] 
[INFO] [stdout] error[E0599]: no method named `result` found for struct `ed25519_dalek::Sha512` in the current scope
[INFO] [stdout]    --> /opt/rustwide/cargo-home/registry/src/github.com-1ecc6299db9ec823/solana_libra_crypto-0.0.1-sol5/src/vrf/ecvrf.rs:321:40
[INFO] [stdout]     |
[INFO] [stdout] 321 |     result[..16].copy_from_slice(&hash.result()[..16]);
[INFO] [stdout]     |                                        ^^^^^^ method not found in `ed25519_dalek::Sha512`
[INFO] [stdout] 
[INFO] [stdout] 
[INFO] [stdout] error: aborting due to 8 previous errors
[INFO] [stdout] 
[INFO] [stdout] 
[INFO] [stdout] For more information about this error, try `rustc --explain E0599`.
[INFO] [stdout] 
[INFO] [stderr] error: could not compile `solana_libra_crypto`.
[INFO] [stderr] 
[INFO] [stderr] To learn more, run the command again with --verbose.
[INFO] [stderr] warning: build failed, waiting for other jobs to finish...
[INFO] [stderr] error: build failed
[INFO] running `Command { std: "docker" "inspect" "d180b6e0d0c814ff243d0cda861a4a4ad0e7ed00dfe22aca3d5af3ea41242b74", kill_on_drop: false }`
[INFO] running `Command { std: "docker" "rm" "-f" "d180b6e0d0c814ff243d0cda861a4a4ad0e7ed00dfe22aca3d5af3ea41242b74", kill_on_drop: false }`
[INFO] [stdout] d180b6e0d0c814ff243d0cda861a4a4ad0e7ed00dfe22aca3d5af3ea41242b74
